the prime factors of (-2 - 0)/(102/(-40647)).
797
Let j(p) = -p + 3. Let n(s) = s**2 - 12*s - 10. Let m be n(13). Let a be j(m). Suppose a = -d - 2*i + 9, -31 = -5*d + 5*i + 14. List the prime factors of d.
3
Suppose 2*u - 169 - 67 = 0. Suppose 0 = -4*w + 3*d - u, 5*d = -w - 7 - 11. What are the prime factors of 1/(-7) - 60/w?
2
What are the prime factors of 6/(-8)*1180/(-15)?
59
Let h = 11 - 7. Suppose -32 = -2*j + h*l, 3*j + j = -4*l + 112. What are the prime factors of j?
2, 3
Let d(t) = 207*t + 78. List the prime factors of d(5).
3, 7, 53
Let z(g) = -g**2 + 4*g - 1. Let n be z(3). Let h = 407 - 290. Suppose -n*v + h = v. List the prime factors of v.
3, 13
Let u = 32 + -17. Suppose -u*z + 3 = -12*z. What are the prime factors of (-2)/z*8/(-8)?
2
Suppose -5*x + n = -3577 - 4413, 4*x + 2*n = 6406. What are the prime factors of x?
3, 13, 41
Suppose -a = -2*r - 4*a, 8 = 2*a. List the prime factors of r/8*118*(-4)/3.
2, 59
Suppose 554 = 5*c + 3*s + 39, c - 91 = -3*s. Let f = 304 - c. List the prime factors of f.
2, 3, 11
Suppose -5*h - 2*f + 5593 = -6229, 3*h + 5*f = 7078. What are the prime factors of h?
2, 7, 13
Suppose -3214 = -9*y + 2060. What are the prime factors of y?
2, 293
Let j be (-423)/(-27) + 2/6. Suppose 4*u - j = -8. What are the prime factors of u?
2
Let q be 6*(40/(-6))/(-5). Let f be ((-12)/q)/(12/(-272)). Let b = -2 + f. List the prime factors of b.
2
Suppose 5*g - 2*n - 3107 = 0, -2*g + 1865 = g - n. Let x = g + -379. What are the prime factors of x?
2, 61
Let f(n) = -3*n**3 - 2*n**2 + 1. Let x be f(-1). Suppose -6*r + 20 - x = 0. Suppose r*k = 8*k - 295. What are the prime factors of k?
59
Let n be (-13)/(-5) - (-34)/85. Suppose n*i = -0*i + 423. List the prime factors of i.
3, 47
Let h(z) be the second derivative of 14*z**4/3 + z**3/6 + 13*z. What are the prime factors of h(-1)?
5, 11
Let z = -27 - -18. Let o = z - -16. Let f = 2 + o. List the prime factors of f.
3
Let y be 30*((-18)/15 - -3)/3. Let b(g) = 2*g**2 - 35*g + 29. What are the prime factors of b(y)?
47
Suppose 6 - 26 = -4*s. Suppose 5*n = 3*q, -13 = -q - 4*q + 4*n. Suppose -q*d - 1 = -z - d, 5*d = s*z - 80. List the prime factors of z.
3, 7
Let j be (-2)/(-1) + 0 + -4. Let n = j - -1. What are the prime factors of (-26 + 3)/(n + 0)?
23
Let y = 15 + -20. Let x(n) = -n**3 - 4*n**2 + 6*n - 7. Let c be x(y). List the prime factors of (-135)/(-4) + (-3)/c.
2, 17
Let i(p) = p**3 + 12*p**2 - 4*p - 10. Let r be i(-5). Let a = r - 92. Suppose -2*c - q + 84 = q, 0 = 2*c - q - a. What are the prime factors of c?
3, 5
Let h(g) = 208*g**2 + 28*g + 35. List the prime factors of h(-4).
3251
What are the prime factors of (((-160)/4)/(-5))/(6/399)?
2, 7, 19
Let l = -65 + 308. Suppose h - 4*k - l = 0, 4*k = 7*h - 2*h - 1231. List the prime factors of h.
13, 19
Let k(a) = -4*a**3 + 2*a - 2. Suppose 5*b - 4*c - c + 70 = 0, 4*b + 5*c + 92 = 0. Let i = -20 - b. List the prime factors of k(i).
2, 13
Let w = -13 - -48. Suppose -147 = -2*c - w. List the prime factors of c.
2, 7
Let h(s) = 3*s**2 + s + 41. Let n be 0/(-3)*(-2)/4. List the prime factors of h(n).
41
List the prime factors of 2746/(-4)*(-46 + 44).
1373
Suppose 3330 = 5*z - 2*x + 611, 3*x - 2166 = -4*z. List the prime factors of z.
3, 181
Suppose -4*v - 34 = -3*d + 46, -3*d - v + 85 = 0. List the prime factors of d.
2, 7
Suppose 3*o - 4061 = 4*n - 5*n, 4*o + 4*n - 5420 = 0. List the prime factors of o.
3, 11, 41
Let t be (-78)/(0 - 6/(-4)). Let l be t/14 + (-8)/28. Let z = l - -14. List the prime factors of z.
2, 5
Suppose -3*o = -2*o + 7*o. Suppose 5*m - 280 - 580 = o. What are the prime factors of m?
2, 43
Let c be ((-12)/(-4))/(1/1). Suppose 0 = c*l - b - 689, -677 = -3*l + 2*b + 2*b. Suppose 2*a + l = 9*a. List the prime factors of a.
3, 11
What are the prime factors of (-1175)/10*(-30 + 18)?
2, 3, 5, 47
Suppose -3015 = -153*p + 144*p. What are the prime factors of p?
5, 67
Let i be 6/10 - 707/(-5). Let h = -82 + i. List the prime factors of h.
2, 3, 5
Suppose 34 + 22 = -4*l. Let p = l + 39. What are the prime factors of p?
5
Suppose -12*j + 16 = -8*j. List the prime factors of 35 - (j + -2 - 0).
3, 11
Let s(g) = 46*g**3 - 22*g**2 + 5*g - 2. List the prime factors of s(3).
7, 151
Let j be (-12)/(-7) - 8/(-28). Let k(n) = 5*n**2 - 4*n**2 - 8*n - 3*n**2 + n**j - 11. What are the prime factors of k(-5)?
2
Suppose 0 = -0*y - 2*y + 2*a, -y + 4*a - 12 = 0. Suppose 50 = -y*b + 9*b. What are the prime factors of b?
2, 5
Let h(q) = -63*q**2. Let o be h(1). List the prime factors of (-1)/(64/o + 1).
3, 7
Suppose 4*a - 1226 = 5*g + 13439, -2*a + 3*g = -7331. What are the prime factors of a?
2, 5, 367
Suppose 0 = 2*r - 0*r. Suppose -6 = -k - r. List the prime factors of 3/k*52 - 3.
23
Let p(z) = 30*z + 69. List the prime factors of p(16).
3, 61
List the prime factors of ((-5)/2)/((-10)/2732).
683
Let j = -10 - -18. Suppose 3*d = -j - 19. List the prime factors of (-60)/d + (-5)/(-15).
7
Suppose 1242 = p - 4*o, -5*o = -5*p + 8797 - 2542. List the prime factors of p.
2, 3, 11, 19
Let l(t) = t + 16. Let s = 139 + -125. What are the prime factors of l(s)?
2, 3, 5
Let s be 2/((24/39)/4). Let h(l) = 3*l + 7 + 14*l + 12*l**2 + 1944*l**3 - 1945*l**3. List the prime factors of h(s).
59
Suppose 9*s - 17*s + 16 = 0. Suppose 0*p + 3*p - s*o = 4, -5*p = 3*o - 32. List the prime factors of p.
2
Let d(h) = h - 9. Let t be d(12). Let z(k) = -4 + 3*k - t*k - 7*k. List the prime factors of z(-4).
2, 3
Let j = 2092 - 101. What are the prime factors of j?
11, 181
Suppose 0 = -2*d + 6*d - 500. What are the prime factors of d?
5
Suppose 3*t + 148 = 5*s, 2*t + 5*s - s = -106. Let d(u) = 27*u**3 + u**2 + u. Let m be d(-1). Let l = m - t. List the prime factors of l.
2, 3
Let l(d) = 132*d**2 + 9*d - 10. List the prime factors of l(2).
2, 67
Suppose -7*n = -8*n + 3. Suppose -4*i + n*i + 3 = 0. Suppose 2*l = -3*q + 91, 4*l = i*q + 90 + 47. List the prime factors of l.
2, 19
Let r = -2 - -6. List the prime factors of (-21 + 19)*(-158)/r.
79
Let p = 3864 + -1406. What are the prime factors of p?
2, 1229
Suppose 2*y - 24 = -5*k, 5*k - 4*k = 2*y + 12. Let w(z) = z**2 - 3 + 11*z - k*z - 5. What are the prime factors of w(-9)?
2, 7
Suppose g - 16*p + 14*p = 3991, 4*p = g - 3999. List the prime factors of g.
7, 569
Let f be (3 + (-48)/5)*-45. Suppose -5*v = n - 139, -v + f = 5*n - 374. List the prime factors of n.
2, 67
Let i = 1170 + 184. List the prime factors of i.
2, 677
Suppose -4*v + 5 - 8 = -5*u, -3*u - 5 = v. What are the prime factors of (1/u*-13)/(1 + 0)?
13
Suppose 0 = -2*l - 2*l + 4, 4*f + l = 13. Suppose -2*o = -f*o - 8. Let w(s) = s + 18. What are the prime factors of w(o)?
2, 5
Suppose 2*r = -k + 1506, 4*k = 6*k - 5*r - 2985. What are the prime factors of k?
2, 3, 5
Suppose 2*r = i - 205, 3*r + 157 + 152 = 3*i. Let n = -40 - r. List the prime factors of n.
2, 31
Let f(a) = 27*a + 156. What are the prime factors of f(0)?
2, 3, 13
Let j(k) be the third derivative of k**5/30 + 5*k**4/12 + 3*k**3/2 + 17*k**2. List the prime factors of j(-6).
3, 7
Let j be ((-15)/(-6))/((3/3)/26). Let o = -54 - -79. Let f = j - o. What are the prime factors of f?
2, 5
What are the prime factors of ((-45)/25 + -7)/(1/(-5))?
2, 11
Let q(n) be the first derivative of 6 - 6*n - 7 + 4*n + 3*n + 3*n**2. List the prime factors of q(5).
31
Suppose -2*c = -4*c. Suppose -d = -c*d - 86. Suppose -11 + 4 = -y + 4*g, 3*g + d = 5*y. List the prime factors of y.
19
Suppose -4*x - 145 = -c + 15, -3*c - 3*x + 420 = 0. Let u = -21 + c. What are the prime factors of u?
3, 41
Suppose 0 = -0*a + 5*a - 15. Let f be 2 + (-5 - -4 - -1). Suppose f*r + 5*x = -r + 63, -a*r = x - 75. What are the prime factors of r?
2, 13
Let u(c) = -c**3 - 4*c**2 + 8*c + 7. Let z be 4 + 4 + -3 + 3. Let o = -14 + z. What are the prime factors of u(o)?
31
Let t(l) = -13*l - 79. List the prime factors of t(-32).
337
Let l(v) = 238*v**2 + 2*v + 13. What are the prime factors of l(-3)?
7, 307
Let j = -450 + 3478. What are the prime factors of j?
2, 757
What are the prime factors of (-17)/(408/(-3728))*(10 - -2)?
2, 233
Let k be 31 + 4*(-4)/(-8). Suppose 2*h - k = 17. Let w = h - -1. List the prime factors of w.
2, 13
Let q(f) = -f + 39. Let r be 1*(-1)/((-5)/(-95)). List the prime factors of q(r).
2, 29
Let y(k) = -k